{"id":254,"date":"2025-02-02T23:29:27","date_gmt":"2025-02-02T22:29:27","guid":{"rendered":"https:\/\/gregoryderville.com\/?page_id=254"},"modified":"2025-04-19T23:03:52","modified_gmt":"2025-04-19T21:03:52","slug":"reflexions-variees","status":"publish","type":"page","link":"https:\/\/gregoryderville.com\/index.php\/reflexions-variees\/","title":{"rendered":"R\u00e9flexions diverses"},"content":{"rendered":"\n<p><\/p>\n\n\n\n<figure class=\"wp-block-embed is-type-wp-embed is-provider-permaculture-en-limousin wp-block-embed-permaculture-en-limousin\"><div class=\"wp-block-embed__wrapper\">\n<blockquote class=\"wp-embedded-content\" data-secret=\"yA6T5bjJGH\"><a href=\"https:\/\/gregoryderville.com\/index.php\/actualites\/\">Politique, \u00e9cologie &amp; soci\u00e9t\u00e9<\/a><\/blockquote><iframe loading=\"lazy\" class=\"wp-embedded-content\" sandbox=\"allow-scripts\" security=\"restricted\" style=\"position: absolute; visibility: hidden;\" title=\"\u00ab\u00a0Politique, \u00e9cologie &amp; soci\u00e9t\u00e9\u00a0\u00bb &#8212; Permaculture en Limousin\" src=\"https:\/\/gregoryderville.com\/index.php\/actualites\/embed\/#?secret=w7u7dOlojt#?secret=yA6T5bjJGH\" data-secret=\"yA6T5bjJGH\" width=\"600\" height=\"338\" frameborder=\"0\" marginwidth=\"0\" marginheight=\"0\" scrolling=\"no\"><\/iframe>\n<\/div><\/figure>\n\n\n\n<p><\/p>\n\n\n\n<figure class=\"wp-block-embed is-type-wp-embed is-provider-permaculture-en-limousin wp-block-embed-permaculture-en-limousin\"><div class=\"wp-block-embed__wrapper\">\n<blockquote class=\"wp-embedded-content\" data-secret=\"bSrqNLwOQm\"><a href=\"https:\/\/gregoryderville.com\/index.php\/philosophie-poesie\/\">Philosophie, litt\u00e9rature &#038; po\u00e9sie<\/a><\/blockquote><iframe loading=\"lazy\" class=\"wp-embedded-content\" sandbox=\"allow-scripts\" security=\"restricted\" style=\"position: absolute; visibility: hidden;\" title=\"\u00ab\u00a0Philosophie, litt\u00e9rature &#038; po\u00e9sie\u00a0\u00bb &#8212; Permaculture en Limousin\" src=\"https:\/\/gregoryderville.com\/index.php\/philosophie-poesie\/embed\/#?secret=mNLZpXxg2O#?secret=bSrqNLwOQm\" data-secret=\"bSrqNLwOQm\" width=\"600\" height=\"338\" frameborder=\"0\" marginwidth=\"0\" marginheight=\"0\" scrolling=\"no\"><\/iframe>\n<\/div><\/figure>\n\n\n\n<p><\/p>\n\n\n\n<figure class=\"wp-block-embed is-type-wp-embed is-provider-permaculture-en-limousin wp-block-embed-permaculture-en-limousin\"><div class=\"wp-block-embed__wrapper\">\n<blockquote class=\"wp-embedded-content\" data-secret=\"9meT4EtA1o\"><a href=\"https:\/\/gregoryderville.com\/index.php\/psychologie\/\">Psychologie &amp; psychoth\u00e9rapie(s)<\/a><\/blockquote><iframe loading=\"lazy\" class=\"wp-embedded-content\" sandbox=\"allow-scripts\" security=\"restricted\" style=\"position: absolute; visibility: hidden;\" title=\"\u00ab\u00a0Psychologie &amp; psychoth\u00e9rapie(s)\u00a0\u00bb &#8212; Permaculture en Limousin\" src=\"https:\/\/gregoryderville.com\/index.php\/psychologie\/embed\/#?secret=PoENpzEO31#?secret=9meT4EtA1o\" data-secret=\"9meT4EtA1o\" width=\"600\" height=\"338\" frameborder=\"0\" marginwidth=\"0\" marginheight=\"0\" scrolling=\"no\"><\/iframe>\n<\/div><\/figure>\n\n\n\n<p><\/p>\n\n\n\n<figure class=\"wp-block-embed is-type-wp-embed is-provider-permaculture-en-limousin wp-block-embed-permaculture-en-limousin\"><div class=\"wp-block-embed__wrapper\">\n<blockquote class=\"wp-embedded-content\" data-secret=\"7bv4GtAC2u\"><a href=\"https:\/\/gregoryderville.com\/index.php\/le-cafe-des-sports\/\">Le caf\u00e9 des sports<\/a><\/blockquote><iframe loading=\"lazy\" class=\"wp-embedded-content\" sandbox=\"allow-scripts\" security=\"restricted\" style=\"position: absolute; visibility: hidden;\" title=\"\u00ab\u00a0Le caf\u00e9 des sports\u00a0\u00bb &#8212; Permaculture en Limousin\" src=\"https:\/\/gregoryderville.com\/index.php\/le-cafe-des-sports\/embed\/#?secret=sGgO4H3eXu#?secret=7bv4GtAC2u\" data-secret=\"7bv4GtAC2u\" width=\"600\" height=\"338\" frameborder=\"0\" marginwidth=\"0\" marginheight=\"0\" scrolling=\"no\"><\/iframe>\n<\/div><\/figure>\n\n\n\n<p><\/p>\n","protected":false},"excerpt":{"rendered":"","protected":false},"author":1,"featured_media":0,"parent":0,"menu_order":0,"comment_status":"closed","ping_status":"closed","template":"","meta":{"footnotes":""},"class_list":["post-254","page","type-page","status-publish","hentry"],"_links":{"self":[{"href":"https:\/\/gregoryderville.com\/index.php\/wp-json\/wp\/v2\/pages\/254","targetHints":{"allow":["GET"]}}],"collection":[{"href":"https:\/\/gregoryderville.com\/index.php\/wp-json\/wp\/v2\/pages"}],"about":[{"href":"https:\/\/gregoryderville.com\/index.php\/wp-json\/wp\/v2\/types\/page"}],"author":[{"embeddable":true,"href":"https:\/\/gregoryderville.com\/index.php\/wp-json\/wp\/v2\/users\/1"}],"replies":[{"embeddable":true,"href":"https:\/\/gregoryderville.com\/index.php\/wp-json\/wp\/v2\/comments?post=254"}],"version-history":[{"count":4,"href":"https:\/\/gregoryderville.com\/index.php\/wp-json\/wp\/v2\/pages\/254\/revisions"}],"predecessor-version":[{"id":8636,"href":"https:\/\/gregoryderville.com\/index.php\/wp-json\/wp\/v2\/pages\/254\/revisions\/8636"}],"wp:attachment":[{"href":"https:\/\/gregoryderville.com\/index.php\/wp-json\/wp\/v2\/media?parent=254"}],"curies":[{"name":"wp","href":"https:\/\/api.w.org\/{rel}","templated":true}]}}