{"id":94,"date":"2022-02-25T08:19:23","date_gmt":"2022-02-25T07:19:23","guid":{"rendered":"http:\/\/gregoryderville.com\/?page_id=94"},"modified":"2026-03-01T17:18:53","modified_gmt":"2026-03-01T16:18:53","slug":"qui-suis-je","status":"publish","type":"page","link":"https:\/\/gregoryderville.com\/index.php\/qui-suis-je\/","title":{"rendered":"Qui suis-je?"},"content":{"rendered":"\n<p><\/p>\n\n\n\n<p class=\"has-black-color has-text-color has-link-color wp-elements-03e8e8fa1c11336e24729136ed144a01\">Depuis 1997, j&rsquo;enseigne la science politique \u00e0 l&rsquo;Universit\u00e9 de Lille. Actuellement je donne notamment un cours d&rsquo;Introduction \u00e0 la science politique en L1, et un cours sur l&rsquo;Ecologie politique en L3 (sur les cons\u00e9quences \u00e9conomiques, sociales, politiques ou g\u00e9opolitiques de la crise \u00e9cologique, sur les diff\u00e9rents courants de l&rsquo;\u00e9thique \u00e9cologique, sur la politisation de l&rsquo;environnement, sur les lignes de fracture entre les diff\u00e9rents courants qui se r\u00e9clament de l&rsquo;\u00e9cologie politique&#8230;).<\/p>\n\n\n<div class=\"wp-block-image\">\n<figure class=\"alignright size-large is-resized\"><img loading=\"lazy\" decoding=\"async\" width=\"1024\" height=\"494\" src=\"https:\/\/gregoryderville.com\/wp-content\/uploads\/2022\/02\/Universite-Lille-Logo-avec-la-Fac-de-Dt-1024x494.png\" alt=\"\" class=\"wp-image-111\" style=\"aspect-ratio:2.073105497771174;width:398px;height:auto\" srcset=\"https:\/\/gregoryderville.com\/wp-content\/uploads\/2022\/02\/Universite-Lille-Logo-avec-la-Fac-de-Dt-1024x494.png 1024w, https:\/\/gregoryderville.com\/wp-content\/uploads\/2022\/02\/Universite-Lille-Logo-avec-la-Fac-de-Dt-300x145.png 300w, https:\/\/gregoryderville.com\/wp-content\/uploads\/2022\/02\/Universite-Lille-Logo-avec-la-Fac-de-Dt-768x371.png 768w, https:\/\/gregoryderville.com\/wp-content\/uploads\/2022\/02\/Universite-Lille-Logo-avec-la-Fac-de-Dt-1536x742.png 1536w, https:\/\/gregoryderville.com\/wp-content\/uploads\/2022\/02\/Universite-Lille-Logo-avec-la-Fac-de-Dt-2048x989.png 2048w, https:\/\/gregoryderville.com\/wp-content\/uploads\/2022\/02\/Universite-Lille-Logo-avec-la-Fac-de-Dt-825x398.png 825w, https:\/\/gregoryderville.com\/wp-content\/uploads\/2022\/02\/Universite-Lille-Logo-avec-la-Fac-de-Dt-1920x927.png 1920w, https:\/\/gregoryderville.com\/wp-content\/uploads\/2022\/02\/Universite-Lille-Logo-avec-la-Fac-de-Dt-600x290.png 600w, https:\/\/gregoryderville.com\/wp-content\/uploads\/2022\/02\/Universite-Lille-Logo-avec-la-Fac-de-Dt-400x193.png 400w\" sizes=\"auto, (max-width: 1024px) 100vw, 1024px\" \/><\/figure>\n<\/div>\n\n\n<p class=\"has-black-color has-text-color has-link-color wp-elements-1c5c98fc53520db90479f61d138d246b\">J&rsquo;ai aussi donn\u00e9 pendant de nombreuses ann\u00e9es un cours sur les Politiques environnementales en M1 (sur le concept de d\u00e9veloppement durable, les instruments de l&rsquo;action publique environnementale, les principales politiques environnementales sectorielles&#8230;). J&rsquo;ai aussi enseign\u00e9 sur les m\u00e9dias et la communication politique, sur la sociologie politique, sur les politiques sociales&#8230;<\/p>\n\n\n\n<p class=\"has-black-color has-text-color has-link-color wp-elements-5986045cb15163f691060fdf4f741dc1\">Depuis 2021, je suis responsable du <a href=\"https:\/\/www.univ-lille.fr\/formations\/fr-00002503\" data-type=\"link\" data-id=\"https:\/\/www.univ-lille.fr\/formations\/fr-00002503\">parcours \u00ab\u00a0CPDP (Communication Politique et D\u00e9mocratie Participative) du master de science politique<\/a>. C&rsquo;est une t\u00e2che qui me prend beaucoup de temps, mais qui est tr\u00e8s gratifiante car je peux accompagner les \u00e9tudiant\u00b7es vers l&rsquo;insertion professionnelle pendant deux ans, avec des cours mais aussi et surtout avec le suivi du projet collectif de parcours (qui se d\u00e9roule sur deux ans), et surtout avec l&rsquo;accompagnement de la recherche et du d\u00e9roulement des stages en M2.<\/p>\n\n\n<div class=\"wp-block-image\">\n<figure class=\"alignleft size-full is-resized\"><img loading=\"lazy\" decoding=\"async\" width=\"800\" height=\"471\" src=\"https:\/\/gregoryderville.com\/wp-content\/uploads\/2026\/02\/Master-TET-Logo-reduit.jpg\" alt=\"\" class=\"wp-image-14500\" style=\"width:360px;height:auto\" srcset=\"https:\/\/gregoryderville.com\/wp-content\/uploads\/2026\/02\/Master-TET-Logo-reduit.jpg 800w, https:\/\/gregoryderville.com\/wp-content\/uploads\/2026\/02\/Master-TET-Logo-reduit-300x177.jpg 300w, https:\/\/gregoryderville.com\/wp-content\/uploads\/2026\/02\/Master-TET-Logo-reduit-768x452.jpg 768w, https:\/\/gregoryderville.com\/wp-content\/uploads\/2026\/02\/Master-TET-Logo-reduit-600x353.jpg 600w, https:\/\/gregoryderville.com\/wp-content\/uploads\/2026\/02\/Master-TET-Logo-reduit-400x236.jpg 400w\" sizes=\"auto, (max-width: 800px) 100vw, 800px\" \/><\/figure>\n<\/div>\n\n\n<p class=\"has-black-color has-text-color has-link-color wp-elements-c55af46437909569022b4cd0ffe92539\">Depuis l&rsquo;hiver 2023-2024, j&rsquo;ai mont\u00e9 un projet de nouveau parcours de master de science politique intitul\u00e9 \u00ab\u00a0Transitions \u00e9cologiques des territoires\u00a0\u00bb, qui aura pour but de former des professionnel\u00b7es de l&rsquo;action publique dans le domaine des politiques environnementales locales, pour des employeurs divers (collectivit\u00e9s publiques, associations, bureaux d&rsquo;\u00e9tude, PNR, Agences de l&rsquo;eau&#8230;), et sur des dossiers vari\u00e9s (PCAET, biodiversit\u00e9, agriculture de proximit\u00e9, transports d\u00e9carbon\u00e9s, r\u00e9duction et r\u00e9emploi des d\u00e9chets, \u00e9ducation \u00e0 l&rsquo;environnement&#8230;) <\/p>\n\n\n\n<p class=\"has-black-color has-text-color has-link-color wp-elements-d3b37acdc58f26d415bfa83670771e1c\">Le projet est d\u00e9sormais concr\u00e9tis\u00e9, je vais recruter la premi\u00e8re promotion au printemps et les premiers cours seront donn\u00e9s en septembre 2026 \ud83d\ude0a Voici deux posts dans lesquels je d\u00e9cris cette formation qui me tient tr\u00e8s coeur:<\/p>\n\n\n\n<p class=\"has-black-color has-text-color has-link-color wp-elements-2ed34d4e9dd3342308937b58f711c01e\">&#8211; un <a href=\"https:\/\/gregoryderville.com\/index.php\/2026\/02\/09\/creation-du-master-transitions-ecologiques-des-territoires-a-luniversite-de-lille\/\" data-type=\"link\" data-id=\"https:\/\/gregoryderville.com\/index.php\/2026\/02\/09\/creation-du-master-transitions-ecologiques-des-territoires-a-luniversite-de-lille\/\">post sur le contenu du master, la maquette, les d\u00e9bouch\u00e9s<\/a>, etc.<\/p>\n\n\n\n<p class=\"has-black-color has-text-color has-link-color wp-elements-dcc6dec59e78ccc2af0fecf241d21dce\">&#8211; et un post avec <a href=\"https:\/\/gregoryderville.com\/index.php\/2026\/02\/13\/presentation-en-video-du-master-transitions-ecologiques-des-territoires-de-luniversite-de-lille\/\" data-type=\"link\" data-id=\"https:\/\/gregoryderville.com\/index.php\/2026\/02\/13\/presentation-en-video-du-master-transitions-ecologiques-des-territoires-de-luniversite-de-lille\/\">une petite vid\u00e9o de 5 minutes<\/a> o\u00f9 je dis la m\u00eame chose de fa\u00e7on r\u00e9sum\u00e9e.<\/p>\n\n\n\n<p class=\"has-text-align-center has-black-color has-text-color has-link-color wp-elements-c5995833d97d0e9c85ea96ca8bd01cb2\">\/\/\/\/\/\/<\/p>\n\n\n\n<p class=\"has-black-color has-text-color has-link-color wp-elements-a38fcb260b84b22216f2a7e63753a6cd\">Depuis l&rsquo;enfance, je suis tr\u00e8s int\u00e9ress\u00e9 et pr\u00e9occup\u00e9 par les th\u00e9matiques \u00e9cologiques, m\u00eame si \u00e9videmment je ne connaissais pas vraiment le sens de ce mot (dans mes jeunes ann\u00e9es j&rsquo;\u00e9tais surtout motiv\u00e9 par l&rsquo;envie de \u00ab\u00a0d\u00e9fendre la nature\u00a0\u00bb et surtout de \u00ab\u00a0prot\u00e9ger les animaux\u00a0\u00bb).<\/p>\n\n\n<div class=\"wp-block-image\">\n<figure class=\"alignright size-full is-resized\"><img loading=\"lazy\" decoding=\"async\" width=\"674\" height=\"284\" src=\"https:\/\/gregoryderville.com\/wp-content\/uploads\/2025\/03\/Beauvais-en-transition.png\" alt=\"\" class=\"wp-image-7035\" style=\"width:296px;height:auto\" srcset=\"https:\/\/gregoryderville.com\/wp-content\/uploads\/2025\/03\/Beauvais-en-transition.png 674w, https:\/\/gregoryderville.com\/wp-content\/uploads\/2025\/03\/Beauvais-en-transition-300x126.png 300w, https:\/\/gregoryderville.com\/wp-content\/uploads\/2025\/03\/Beauvais-en-transition-600x253.png 600w, https:\/\/gregoryderville.com\/wp-content\/uploads\/2025\/03\/Beauvais-en-transition-400x169.png 400w\" sizes=\"auto, (max-width: 674px) 100vw, 674px\" \/><\/figure>\n<\/div>\n\n\n<p class=\"has-black-color has-text-color has-link-color wp-elements-2b884d29bcf295c9111fd85bee113cbd\">Lorsque j&rsquo;ai v\u00e9cu \u00e0 Beauvais, entre 2000 et 2020, je me suis beaucoup engag\u00e9 dans des associations du secteur de l&rsquo;environnement. J&rsquo;ai notamment \u00e9t\u00e9 membre du bureau de l&rsquo;association locale de promotion de l&rsquo;usage du v\u00e9lo en ville (<a href=\"https:\/\/vellovaque.jimdo.com\/\" data-type=\"URL\" data-id=\"https:\/\/vellovaque.jimdo.com\/\" target=\"_blank\" rel=\"noreferrer noopener\">Vellovaque<\/a>), j&rsquo;ai particip\u00e9 \u00e0 deux associations de jardin partag\u00e9&#8230; J&rsquo;ai aussi \u00e9t\u00e9 membre fondateur et tr\u00e8s impliqu\u00e9 dans le collectif associatif et citoyen <a href=\"https:\/\/beauvais-en-transition.info\/\">Beauvais en <\/a><a href=\"https:\/\/beauvais-en-transition.info\/\" target=\"_blank\" rel=\"noreferrer noopener\">transition<\/a>, qui organise des actions de sensibilisation et d&rsquo;\u00e9changes de savoirs et de savoir-faire pratiques.<\/p>\n\n\n<div class=\"wp-block-image\">\n<figure class=\"alignleft size-full is-resized\"><a href=\"https:\/\/gregoryderville.com\/wp-content\/uploads\/2022\/02\/Livre-Couverture.jpg\"><img loading=\"lazy\" decoding=\"async\" width=\"401\" height=\"595\" src=\"https:\/\/gregoryderville.com\/wp-content\/uploads\/2022\/02\/Livre-Couverture.jpg\" alt=\"\" class=\"wp-image-7\" style=\"width:298px;height:auto\" srcset=\"https:\/\/gregoryderville.com\/wp-content\/uploads\/2022\/02\/Livre-Couverture.jpg 401w, https:\/\/gregoryderville.com\/wp-content\/uploads\/2022\/02\/Livre-Couverture-202x300.jpg 202w\" sizes=\"auto, (max-width: 401px) 100vw, 401px\" \/><\/a><\/figure>\n<\/div>\n\n\n<p class=\"has-black-color has-text-color has-link-color wp-elements-cec0eb8cb69ce31d3713004596a5ce6b\">J&rsquo;ai mari\u00e9 cette double casquette (enseignant et sympathisant \/ militant \u00e9cologiste) en \u00e9crivant deux livres qui ont \u00e9t\u00e9 publi\u00e9s chez l&rsquo;\u00e9diteur <a href=\"https:\/\/www.terrevivante.org\/\">Terre vivante<\/a> (sp\u00e9cialis\u00e9 dans \u00ab\u00a0l&rsquo;\u00e9cologie pratique\u00a0\u00bb): le premier sur <a href=\"https:\/\/gregoryderville.com\/index.php\/2018\/02\/07\/la-permaculture\/\" data-type=\"link\" data-id=\"https:\/\/gregoryderville.com\/index.php\/2018\/02\/07\/la-permaculture\/\">la permaculture<\/a> (sa d\u00e9finition, ses \u00e9thiques, ses principes, et la fa\u00e7on dont on peut la mettre en oeuvre concr\u00e8tement \u00e0 travers le design permaculturel), et le second sur <a href=\"https:\/\/gregoryderville.com\/index.php\/2019\/10\/07\/reussir-la-transition-ecologique\/\" data-type=\"link\" data-id=\"https:\/\/gregoryderville.com\/index.php\/2019\/10\/07\/reussir-la-transition-ecologique\/\">les strat\u00e9gies pour enclencher et amplifier des d\u00e9marches de transition \u00e9cologique sur les territoires<\/a>.<\/p>\n\n\n\n<p class=\"has-black-color has-text-color has-link-color wp-elements-0eb1bc77aa5f9c29a19e967e15241793\">Suite \u00e0 la parution de ces deux livres, j&rsquo;ai donn\u00e9 <a href=\"https:\/\/gregoryderville.com\/index.php\/mes-publications\/mes-conferences-et-formations\/\" data-type=\"link\" data-id=\"https:\/\/gregoryderville.com\/index.php\/mes-publications\/mes-conferences-et-formations\/\">pas loin d&rsquo;une centaine de conf\u00e9rences et de formations<\/a> sur ces diff\u00e9rents th\u00e8mes, un peu partout en France, \u00e0 l&rsquo;invitation de collectivit\u00e9s, de salons \u00e9cologiques, d&rsquo;associations, d&rsquo;entreprises, de m\u00e9diath\u00e8ques&#8230;<\/p>\n\n\n\n<p class=\"has-black-color has-text-color has-link-color wp-elements-3fc76534f9318fa6b61ec86595c02cce\">Je suis quelqu&rsquo;un d&rsquo;extr\u00eamement sensible, et cela se manifeste par un int\u00e9r\u00eat prononc\u00e9 pour la psychologie (il faut dire que j&rsquo;ai connu une grave d\u00e9pression et que j&rsquo;ai suivi une th\u00e9rapie tr\u00e8s \u00e9prouvante mais qui m&rsquo;a sauv\u00e9 la vie), et pour diverses pratiques d&rsquo;expression \u00e0 commencer par la musique. Depuis 2020 j&rsquo;ai \u00e9crit des centaines de chroniques musicales (plus de 800 \u00e0 ce jour), dans lesquelles j&rsquo;aborde toutes sortes de th\u00e8mes, et dans lesquelles je me livre beaucoup. Il y a des gens que \u00e7a agacent ou qui trouvent cela impudique, mais peu importe: c&rsquo;est moi, cela m&rsquo;aide \u00e0 m&rsquo;accepter et \u00e0 m&rsquo;assumer comme je suis, et je suis soulag\u00e9 et heureux de m&rsquo;\u00eatre engag\u00e9 sur ce chemin, d&rsquo;autant plus que cela m&rsquo;a valu de belles relations, et parfois m\u00eame de merveilleuses relations.<\/p>\n\n\n\n<p class=\"has-text-align-center has-black-color has-text-color has-link-color wp-elements-c5995833d97d0e9c85ea96ca8bd01cb2\">\/\/\/\/\/\/<\/p>\n\n\n\n<p class=\"has-black-color has-text-color has-link-color wp-elements-eba429041f9cc2f4dec9547251b14320\">Aujourd&rsquo;hui je suis install\u00e9 dans le sud-ouest du Limousin, o\u00f9 je travaille \u00e0 <a href=\"https:\/\/gregoryderville.com\/index.php\/le-projet\/\" data-type=\"link\" data-id=\"https:\/\/gregoryderville.com\/index.php\/le-projet\/\">jeter les bases d&rsquo;un \u00e9colieu inspir\u00e9 par les principes de la permaculture<\/a>.<\/p>\n\n\n\n<p class=\"has-black-color has-text-color has-link-color wp-elements-090a7741ca1e8385e59892f82a179fab\">J&rsquo;ai eu pas mal de chance dans la vie, et j&rsquo;en ai encore. J&rsquo;ai grandi dans un pays privil\u00e9gi\u00e9 et dans un milieu social assez favoris\u00e9, j&rsquo;ai pu vivre \u00e0 peu pr\u00e8s comme je le voulais, j&rsquo;exerce un m\u00e9tier valorisant et correctement pay\u00e9, je n&rsquo;ai jamais connu la pr\u00e9carit\u00e9 ni la moindre discrimination&#8230; On peut dire que sur tous les plans ou presque je suis du bon c\u00f4t\u00e9 du manche. Mais j&rsquo;ai bien conscience d&rsquo;avoir eu pendant trop longtemps un mode de vie qui, malgr\u00e9 mes convictions \u00e9colo-bobo, a contribu\u00e9 au d\u00e9sastre \u00e9cologique (et social). Moins que d&rsquo;autres bien s\u00fbr, mais trop, beaucoup trop. Alors aujourd&rsquo;hui j&rsquo;essaye de beaucoup moins y contribuer, \u00e0 ce d\u00e9sastre, et m\u00eame si possible de r\u00e9parer: cr\u00e9er un lieu plus r\u00e9silient pour une dizaine de personnes, planter des arbres, installer de nouvelles niches \u00e9cologiques, laisser la nature sauvage regagner du terrain&#8230;<\/p>\n\n\n\n<p class=\"has-black-color has-text-color has-link-color wp-elements-2d375e306a13c551830cd9ef45964686\">Ce qui m&rsquo;anime sur ce lieu est assez bien retranscrit dans cette courte vid\u00e9o de Ben Falk, un designer en permaculture install\u00e9 dans le Vermont, un petit \u00e9tat du nord-est des Etats-Unis. Je suis surtout tr\u00e8s touch\u00e9 par les derniers mots de ce petit extrait: \u00ab\u00a0<em>J&rsquo;ai r\u00e9alis\u00e9 que je pouvais non seulement faire moins de \u00ab\u00a0mal\u00a0\u00bb en vivant de cette mani\u00e8re, mais que je pouvais en fait faire du \u00ab\u00a0bien\u00a0\u00bb . Pas seulement jeter moins, utiliser moins de ressources, mais plut\u00f4t augmenter les ressources, comme produire la fertilit\u00e9 du sol, cr\u00e9er de l&rsquo;habitat pour les animaux. Avoir un impact positif, pas seulement moins d&rsquo;un impact n\u00e9gatif. Et au lieu de r\u00e9duire mon impact, maintenant je veux augmenter mon impact le plus possible. Je veux avoir l&rsquo;impact le plus positif possible au cours de ma vie<\/em>.\u00a0\u00bb<\/p>\n\n\n\n<p class=\"has-black-color has-text-color has-link-color wp-elements-97c70ce1e5cd370ed3c3c31e05ea9e32\"><strong>Avoir l&rsquo;impact le plus positif possible au cours de ma vie<\/strong>, c&rsquo;est un peu le programme que j&rsquo;essaye de suivre depuis quelques ann\u00e9es, dans toutes les dimensions de ma vie, sur mon lieu comme dans ma fa\u00e7on d&rsquo;enseigner et dans mes relations avec celles et ceux qui me c\u00f4toient: je voudrais que mon existence ne soit pas vaine. Et maintenant je crois qu&rsquo;elle ne l&rsquo;est pas.<\/p>\n\n\n\n<figure class=\"wp-block-embed is-type-video is-provider-youtube wp-block-embed-youtube wp-embed-aspect-16-9 wp-has-aspect-ratio\"><div class=\"wp-block-embed__wrapper\">\n<iframe loading=\"lazy\" title=\"Permaculture, auto-suffisance et chauffage au compost dans les collines du Vermont - Possible.org\" width=\"1230\" height=\"692\" src=\"https:\/\/www.youtube.com\/embed\/AQw9NuD5C2M?feature=oembed\" frameborder=\"0\" allow=\"accelerometer; autoplay; clipboard-write; encrypted-media; gyroscope; picture-in-picture; web-share\" referrerpolicy=\"strict-origin-when-cross-origin\" allowfullscreen><\/iframe>\n<\/div><\/figure>\n\n\n\n<p><\/p>\n\n\n\n<p><\/p>\n","protected":false},"excerpt":{"rendered":"<p>Depuis 1997, j&rsquo;enseigne la science politique \u00e0 l&rsquo;Universit\u00e9 de Lille. Actuellement je donne notamment un cours d&rsquo;Introduction \u00e0 la science politique en L1, et un cours sur l&rsquo;Ecologie politique en&hellip;<a href=\"https:\/\/gregoryderville.com\/index.php\/qui-suis-je\/\" class=\"more-link\"><span class=\"more-button\">Continue reading<span class=\"screen-reader-text\">Qui suis-je?<\/span><\/span><\/a><\/p>\n","protected":false},"author":1,"featured_media":4870,"parent":0,"menu_order":0,"comment_status":"closed","ping_status":"closed","template":"","meta":{"footnotes":""},"class_list":["post-94","page","type-page","status-publish","has-post-thumbnail","hentry"],"_links":{"self":[{"href":"https:\/\/gregoryderville.com\/index.php\/wp-json\/wp\/v2\/pages\/94","targetHints":{"allow":["GET"]}}],"collection":[{"href":"https:\/\/gregoryderville.com\/index.php\/wp-json\/wp\/v2\/pages"}],"about":[{"href":"https:\/\/gregoryderville.com\/index.php\/wp-json\/wp\/v2\/types\/page"}],"author":[{"embeddable":true,"href":"https:\/\/gregoryderville.com\/index.php\/wp-json\/wp\/v2\/users\/1"}],"replies":[{"embeddable":true,"href":"https:\/\/gregoryderville.com\/index.php\/wp-json\/wp\/v2\/comments?post=94"}],"version-history":[{"count":55,"href":"https:\/\/gregoryderville.com\/index.php\/wp-json\/wp\/v2\/pages\/94\/revisions"}],"predecessor-version":[{"id":14943,"href":"https:\/\/gregoryderville.com\/index.php\/wp-json\/wp\/v2\/pages\/94\/revisions\/14943"}],"wp:featuredmedia":[{"embeddable":true,"href":"https:\/\/gregoryderville.com\/index.php\/wp-json\/wp\/v2\/media\/4870"}],"wp:attachment":[{"href":"https:\/\/gregoryderville.com\/index.php\/wp-json\/wp\/v2\/media?parent=94"}],"curies":[{"name":"wp","href":"https:\/\/api.w.org\/{rel}","templated":true}]}}